(9)?
3
Let i(x) = -7*x**3 + 2*x**2 - 1. Suppose -7*k = -2*k - 100. Let z be 10/(-15) + k/3. Suppose 0*d = 2*d + 2*g, -z = -5*d + g. Calculate i(d).
-6
Suppose -6*r + 8 = -2*r. Let v(z) = 4*z**2 - r*z - 3 + 0*z**2 + 2. Calculate v(-1).
5
Let u(f) be the third derivative of -f**4/24 + f**3/6 - 35*f**2 + 1. Let i = -2 + -2. Calculate u(i).
5
Let o(h) be the second derivative of -h**5/20 + h**4/6 + 2*h**3/3 - 3*h**2/2 + 5*h. Let t be 2/(-6) - (-20)/6. Give o(t).
0
Let g(l) = l**2 + 10*l + 2. Let n be g(-10). Let r(p) = -p**3 + p. Determine r(n).
-6
Let k(a) be the second derivative of -a**4/24 + a**3 + 2*a**2 - 3*a. Let m(i) be the first derivative of k(i). Determine m(3).
3
Let r(z) = -z**3 + 5*z**2 + 3*z - 3. Suppose -10 = 9*x - 11*x. Give r(x).
12
Suppose 4*x + 0*o - 4 = -4*o, 2*x + 5*o - 14 = 0. Suppose -5*l + 10 = -15. Let q(y) = 4*y - l*y - 2 + 2*y. Determine q(x).
-5
Let v = 15 - 10. Suppose -o + 5*l + 23 - v = 0, 2*l + 6 = 0. Let m(h) = -2*h**2 + 4*h - 3. What is m(o)?
-9
Let y(d) = 3*d**3 + 0*d**3 - d**2 + d**3 - 3*d**3. Give y(1).
0
Suppose 26 = 5*l + 6. Suppose 8*n = 3*n + l*h + 32, -5*h = 15. Let f be n*(-1 + 2/8). Let u(m) = 2*m**2 + 3*m. Determine u(f).
9
Let u(k) = -k**2 + 6*k - 10. Let p(o) = -2*o**2 + 7*o - 11. Let a(r) = 2*p(r) - 3*u(r). Calculate a(-6).
-4
Let g(f) = -f**3. Let l(v) = -12*v**3. Let i(o) = 8*g(o) - l(o). Determine i(1).
4
Let h be -2*(-2)/(-4) + 3. Let b(f) be the second derivative of 0*f**h + 0 + 2/3*f**3 + 2*f. Give b(-1).
-4
Suppose -2*i = -2*t + 7*t - 18, 5*t + 5*i - 15 = 0. Suppose -3*z + t*j + 13 = 0, z - j - j - 5 = 0. Let k(d) = -3*d - 2. What is k(z)?
-11
Let p(q) = -4*q + 3. Let m(z) = -21*z + 14. Let g(t) = -2*m(t) + 11*p(t). What is g(4)?
-3
Let p = -17 - -17. Suppose -6*t + 2*t + 8 = 0. Let q(m) = -3*m + t*m + 0*m - 2. Determine q(p).
-2
Let y(v) = v**3 - 34*v + 9*v**2 - v**2 + 33*v. Calculate y(-8).
8
Let v(r) = r**3 + 1 + 54*r + 54*r + 3*r**2 - 112*r. Let o be (-282)/5 - 4/(-10). Let z be 2/3 + o/12. What is v(z)?
1
Let k(z) = -z + 4. Suppose 3*y + 10 = y. Let b = 3 + y. Let v = -1 + b. What is k(v)?
7
Let u(o) = -o**2. Let l be ((-6)/(-10))/((-5)/25). Let f be 0*((-6)/3 - l). Determine u(f).
0
Let y(d) = -4*d**2 - 2*d + 1. Let h(x) = 3*x**2 + 3*x - 2. Let f(s) = 5*h(s) + 4*y(s). Calculate f(6).
0
Suppose 0 = w + 2 - 3. Let y(r) = r - 1. Give y(w).
0
Let p(i) be the second derivative of i**6/40 + i**5/60 + i**3/3 + 7*i**2/2 + i. Let z(o) be the first derivative of p(o). Calculate z(-2).
-18
Let b = 9 + 3. Suppose -8*x + 2*f = -4*x - 24, 5*f - b = x. Let u(i) = x + 2*i + i - 2*i. Give u(0).
8
Suppose 10 + 6 = -4*h. Let d(j) be the first derivative of j + 3*j + j**2 - 3 + 0*j. What is d(h)?
-4
Let r(w) be the third derivative of -w**5/60 - w**4/4 - 7*w**3/6 + 5*w**2. Calculate r(-6).
-7
Let k(w) = w**3 - 2*w**2 - 2*w - 4. Let i = 3 - 1. Suppose -a + 5*y - 24 = 0, i*y = -y + 9. Let b(u) = -u - 6. Let q be b(a). Give k(q).
-1
Suppose 87 - 10 = 11*v. Let z(r) = -r**3 + 8*r**2 - 5*r + 8. What is z(v)?
22
Let s(w) be the first derivative of -w**4/4 - 2*w**3 + 3*w**2/2 + 9*w + 8. What is s(-6)?
-9
Suppose -5*b = 5*s - 19 - 11, b - 8 = -3*s. Let q(z) be the first derivative of -9/4*z**4 - 3 + z**2 - z - 1/3*z**3. Give q(s).
-9
Let b(v) be the second derivative of -v**4/6 - v**3/3 - v**2/2 + v. Let s(u) = u**3 + 8*u**2 - u - 9. Let l be s(-8). Calculate b(l).
-1
Let q be (1 + 0)/((-8)/(-24)). Let f(g) = -g**2 + 5*g - 4. Give f(q).
2
Let l(n) = 3*n**3 - 2*n**2 - n - 2. Let m(z) = 5*z**3 - 5*z**2 - 3*z - 5. Let x(d) = 7*l(d) - 3*m(d). What is x(-1)?
-6
Let d be (1/(-2))/(3/12). Let x be 1 + d + 7 + -1. Let t(l) = -7 + l + 5 + 2*l - 4*l. Determine t(x).
-7
Let v(c) = c**2 + c - 3. Let d(l) = -4*l**2 - 2*l - 2. Let u be d(-1). Calculate v(u).
9
Let p(w) be the first derivative of -w**3/3 - 7*w**2/2 + 6*w + 2. What is p(-5)?
16
Let z(h) be the third derivative of -h**6/120 + h**5/12 - 7*h**4/24 + h**3 - 21*h**2. Give z(4).
-6
Let m(u) = 4*u - 2. Let o(w) be the first derivative of -4*w**2 + 5*w - 7. Let r(f) = -10*m(f) - 4*o(f). Give r(-1).
8
Let k(p) = 2*p. Let w = 11 + -12. Calculate k(w).
-2
Let q(b) = 9*b**2 - 7*b + 5. Let g(s) = 5*s**2 - 4*s + 3. Let j(t) = 5*g(t) - 3*q(t). Give j(-1).
-3
Let i be ((-9)/6)/(3/10). Let j(t) = t + 12. Calculate j(i).
7
Suppose -3*m + 5*z - 17 = 0, 16 + 4 = 5*z. Let w(r) = -m + 4*r - 6*r**2 + 3*r**2 + 2*r**2. Let h = -25 + 28. Give w(h).
2
Let o(z) = -2 - 8*z + 5 - 4. Let h(c) = -c + 18. Let n be h(19). Determine o(n).
7
Let u(c) = -4*c - 1. Let w be u(-1). Let r(o) = 2*o**2 - 5. Let x(q) = 2*q**2 - q - 4. Let b(z) = -2*r(z) + 3*x(z). Give b(w).
7
Let w(n) = -10*n + 6*n + n**3 + 4*n - 5 - 5*n**2 - 4*n. What is w(6)?
7
Let k(c) be the second derivative of -c**4/6 - c**3/6 + c**2 + 6*c. Let j(m) = -m - 12. Let x be j(-14). Calculate k(x).
-8
Let y(z) = -6*z**3 - 10*z**2 + z - 5. Let n(q) = -7*q**3 - 11*q**2 - 5. Let h(m) = -5*n(m) + 6*y(m). Calculate h(-6).
-5
Let r(t) = t**3 - 2*t**2 - 1. Suppose -3*z + 14 = f, z = -3*f - z + 14. Let d be (-6)/12 - (-7)/f. Give r(d).
8
Let a(g) = g**3 - 7*g**2 - g - 4. Let x be 16 + -13 + 4*1. What is a(x)?
-11
Let w be 4 - 0/(-1 - -3). Let q be ((-2)/w)/((-2)/(-20)). Let p(n) = -n**2 - 7*n - 2. Give p(q).
8
Let a(l) = l**3 + 4*l**2 - l. Let u(t) be the first derivative of -t**4/4 + t**3/3 - 7. Let o(q) = a(q) - 5*u(q). What is o(-1)?
-6
Let l(p) = p**3 - 4*p**2 - 8*p + 6. Let m be ((-2)/6)/((-1)/9). Suppose -2*c = 2*c - 32. Let w = c - m. Determine l(w).
-9
Let q(b) = b**2 - b - 4. Let k = 2 - -4. Suppose -y = y - k. Calculate q(y).
2
Let f(q) = q**2 + 9*q - 7. Let b(p) = 2*p**2 + 19*p - 15. Let n(j) = 3*b(j) - 7*f(j). Let o = 30 + -42. Let y = o + 7. Give n(y).
9
Let x(d) be the first derivative of -d**2/2 + 4*d + 6. Give x(10).
-6
Let i(t) be the third derivative of -t**4/12 - t**3/3 - 38*t**2. Calculate i(2).
-6
Let s(w) = 3*w + 2. Let z be s(1). Suppose 0 = -z*d + 10, -5*d + 0*d = 4*y - 34. Let a(k) = -k**3 + 6*k**2 - k. Determine a(y).
-6
Let m be (0 + -1 + 4)*12/18. Let f(d) = -2*d - 1. What is f(m)?
-5
Suppose -5*u - 55 = 2*y, 2*u = 6*y - 2*y + 50. Let q = 15 + y. Let s(v) = -v**3 + v**2 - v + 1. Let l(i) = 4. Let t(p) = -l(p) - s(p). Determine t(q).
-5
Let w = 9 + -7. Let a(f) = 2*f**2 - 2*f + 2. What is a(w)?
6
Let n be -1*-6*1 + -2. Let m(q) = -7 - n*q + 5 - q + q**2. Let t be 3 + 0*(-1)/3. Determine m(t).
-8
Suppose -2*y - 3*y = 5. Let i be y*(-1 + 2 + -2). Let m(k) = -12*k**3 - 13*k**3 - 1 + 27*k**3 + 2*k - 2*k**2. Determine m(i).
1
Let x(j) be the second derivative of -j**4/12 + j**3/2 + 2*j**2 - 4*j. Suppose -2*k + 2 + 1 = 5*q, 15 = 4*k + q. What is x(k)?
0
Suppose -16 = 2*t + 4*c, -t = t + 3*c + 11. Let a = -2 + t. Suppose 0 = w - s, -4*w - w - 2*s = a. Let m(k) = -k**3 + k**2 + k + 1. Calculate m(w).
1
Let c(j) = -2 + 3 - 3*j + 3*j + j**2. Let f(m) = 5*m**3 - 6*m**2 - 5. Let o(q) = 5*c(q) + f(q). Let n be o(1). Let p(b) = b**2 - 3*b + 2. Determine p(n).
6
Let w be (2 - 3)*1*-1. Let o(h) = -3 + 0 + 0 - w + h**2 + 5*h. Give o(-4).
-8
Let k(y) = y**3 + 3*y**2 - 2*y - 2. Let d be 8/(-4) + 1 - 2. Let v be k(d). Let z(a) = -a**3 + 6*a**2 - 6*a + 6. What is z(v)?
14
Let f(c) = -8*c**2 + 2*c**2 - 20*c + 26*c + 5 - c**3. Determine f(-7).
12
Let x be (-1)/((4 - 1) + -2). Let h(a) = -14*a**2 - 1. Give h(x).
-15
Let z be 2 - 3 - (-8)/(-2). Let g(q) = -34 + 9 + 8 + 13 - q. Calculate g(z).
1
Let z = -1 + 6. Let w(m) = 2*m - 6. Give w(z).
4
Suppose 0 = -2*c - 10 + 4. Let b(i) = -i - 6. What is b(c)?
-3
Let l(x) = -2*x. Let j = -100 - -102. Calculate l(j).
-4
Suppose -9*h + h = 24. Let j(m) = 3*m + 6. Suppose 5*d + 4 = -4*f - 7, f - d + 14 = 0. Let c(o) = -6*o - 13. Let q(r) = f*j(r) - 4*c(r). Determine q(h).
7
Suppose 0 = -3*j + 6. Let a(p) = -7*p - 11. Let b(h) = -4*h - 6. Let q(x) = 6*a(x) - 11*b(x). Give q(j).
4
Let f(c) be the second derivative of -c**3/6 + c**2/2 - 6*c. Calculate f(3).
-2
Let m(l) = l**3 + 3*l**2 - 1. Let n = -20 - -30. Let w be 1/(-3)*(n + -4). Calculate m(w).
3
Let q(g) = 2 - g**2 - g - 5 + 3. Let r(l) = -67*l**3 + 2*l**2 + l. Let w be r(-1). Let p be (-2)/(-5) + w/(-20). Determine q(p).
-6
Let i(d) = d**3 - 5*d**2 - 7*d + 1. Let q(c) = c**3 - 5*c**2 - 7*c. Suppose 2*s + 0*a = 2*a, -3*s = 4*a - 14. Let t(l) = s*q(l